))/(-4)?
4481
Let b = 392 + -390. List the prime factors of b*(14/3)/(32/1752).
7, 73
Suppose 33*j = -70 + 4. Let i(r) = -78*r - 9. What are the prime factors of i(j)?
3, 7
Let s = -189 + 195. Suppose 266 = 2*z + 4*t, s*z - z + 5*t = 640. List the prime factors of z.
3, 41
What are the prime factors of -3 + 12/12 + (-11823)/(-3)?
3, 13, 101
Let a = -27302 + 45587. Suppose -6729 = -33*j + a. List the prime factors of j.
2, 379
Let f = 291 + -297. Let c(h) = -h**3 + 6*h**2 - 11*h + 3. List the prime factors of c(f).
3, 167
Suppose -7*k + 28 = -7. Suppose c + 2*c + 4577 = 5*o, k*c = 5. List the prime factors of o.
2, 229
Let d = 33 - 17. Let m = -16 + d. What are the prime factors of m/3 + (-132)/(-3)?
2, 11
Let a be ((-105)/6)/((-1)/2). Let h(p) = -p**3 - 4*p**2 - 11*p - 20. Let v be h(-3). Suppose y - 2*w - a = 0, 0*y - y = -v*w - 37. List the prime factors of y.
3, 11
Suppose 8*g - 36 = -20. Let s(f) = -f**3 + 3*f**2 + f - 2. Let y be s(3). What are the prime factors of (g + 216)/y - (-6)/(-3)?
2, 3
Suppose 10*m = 4*m - 10719 + 56013. What are the prime factors of m?
7549
Let f(z) = 73 + 104*z - 227 - 65*z - 77*z - 145. What are the prime factors of f(-17)?
347
Let u(t) = 3*t**3 + 5*t**2 - 217*t + 1. What are the prime factors of u(14)?
5, 13, 19
Suppose 5*k - 3*k = 5*o + 10, k = 3*o + 5. Suppose -3*f + 3*s + 4686 = o, 538 = f + s - 1034. List the prime factors of f.
1567
Suppose -3*h + 1394 - 248 = 0. Let x = h + -116. What are the prime factors of x?
2, 7, 19
Let g(i) = 2*i**2 + 4*i - 446. Let z be g(14). Let p(a) = 9*a**2 + 13*a**2 + 5*a**2 - 4*a + 2. What are the prime factors of p(z)?
2, 3, 17
Let l be (1 - 3) + 17 + -16. List the prime factors of 4/l + (4 - -28).
2, 7
Suppose -678846 = -55*w + 1300016 - 159572. What are the prime factors of w?
2, 3, 37, 149
What are the prime factors of 27219 + -1 - ((10 - 7) + -5)?
2, 5, 1361
Suppose -4*n - 4 = 0, m = -2*n + 29 + 10. Let f = m + -58. What are the prime factors of (f + 16)/((-2)/218)?
109
What are the prime factors of ((-21)/(147/43996) + 6)/(4/(-14))?
21977
Suppose 9*z - 32*z = -33074. Let h = -1012 + z. List the prime factors of h.
2, 3, 71
Let u = -609 + 602. List the prime factors of u/(63/(-354)) + 2/(-6).
3, 13
Suppose -30*d + 1247 + 9073 = 0. Suppose 3*y = -y + 1144. Suppose -5*s + y = -d. What are the prime factors of s?
2, 3, 7
Let l be ((-130)/(-25) - 4)/((-4)/10). Let n = l - -200. List the prime factors of n.
197
Suppose 264*q = 9575231 + 1598007 + 4868722. List the prime factors of q.
3, 5, 4051
Let c = -1902 - -4369. Suppose -5*d + 6678 = -3*p + c, -5*d = 4*p - 4197. List the prime factors of d.
29
Suppose 3*l = -3*n + 7191, -4*n + 12 = -8*n. Let h = l - 1679. What are the prime factors of h?
7, 103
Let o = -5 - -115. Let f(u) = u**2 + 72*u + 156. Let s be f(-70). Suppose -6*v + o = -s. What are the prime factors of v?
3, 7
What are the prime factors of (168/(-15))/((-48)/14400)?
2, 3, 5, 7
Let m(h) = 27*h**2 + 228*h + 6734. What are the prime factors of m(-36)?
2, 16759
Let s = 9871 + -3402. What are the prime factors of s?
6469
Suppose -2*w = f - 18, 6*w - 8*w + 18 = -5*f. Suppose w*t - 177 - 6006 = 0. What are the prime factors of t?
3, 229
Let m be ((-2)/2)/((-62)/(-310)). Let y(k) be the first derivative of -k**4/4 - k**3/3 - 2*k**2 - 2*k + 1. What are the prime factors of y(m)?
2, 59
Let f(n) = 561*n**3 + n**2 - 56*n - 48. What are the prime factors of f(5)?
2, 3, 431
What are the prime factors of 154/55*(-4)/(-14)*250/4?
2, 5
Suppose 12 = -4*i, 0*i - 5*i + 1 = 4*z. Suppose -2*f - 304 = -2*q, 3*q - 610 = -q + 3*f. Suppose -q - 234 = -z*p. List the prime factors of p.
97
Suppose -652 = -2*z + j - 4128, -3*z - 2*j - 5207 = 0. Let k = z + 2736. List the prime factors of k.
3, 37
Let f = 46 + -41. Let a(u) = 246*u - 124. List the prime factors of a(f).
2, 7, 79
Suppose -2*r - r = -15, -5*l + 3*r = 595. What are the prime factors of l*4/(-56)*28?
2, 29
Let f = -12 + 10. Let z(y) be the second derivative of 5*y**4/12 + 5*y**3/6 + 2*y - 8. What are the prime factors of z(f)?
2, 5
Suppose 12*h = 19*h - 56. Suppose -111 = 5*s - h*s. Let l = s - -77. List the prime factors of l.
2, 3, 19
Suppose -k - 6*k - 121296 = 0. What are the prime factors of (k/240)/((-2)/10)?
19
Let f(v) = v + 2. Let k be f(0). Suppose -2*u - 2022 = -k*o, -4*u + 4068 = o + 3*o. What are the prime factors of -3 + (-85)/(-25) - o/(-15)?
2, 17
Suppose -13*j = -15*j + 12. Suppose 3*h - 381 = j*h. Let r = h + 257. What are the prime factors of r?
2, 5, 13
Suppose 0 = -3*u + v - 22, 4*u + 4*v + 6 = -2. Suppose 2*i - 13 = -37. What are the prime factors of (u/i)/((-2)/(-312))?
2, 3, 13
Let q(o) = 9*o**2 - 15*o + 8. Let k be q(-12). Let g = k + -574. What are the prime factors of g?
2, 5, 7, 13
Let z = -324 - -221. Let t = 528 + z. What are the prime factors of t?
5, 17
Let l(q) = -11*q + 46. Let o be l(5). Let c be o/((-4)/14 - 20/28). What are the prime factors of (6/(-9))/(c/(-1971))?
2, 73
Let l(d) = 1145*d - 96. Let m be l(2). Let u = m + -1200. What are the prime factors of u?
2, 7, 71
Suppose 16 = 4*q, -20*b + 17*b + 10811 = 5*q. What are the prime factors of b?
3, 11, 109
Suppose -16*f - 5940 = -58660. List the prime factors of f.
5, 659
Let u(g) = 5*g**3 + 7*g**2 - 19*g - 20. Let o be u(-10). What are the prime factors of 10/(-40) - o/8?
2, 3, 43
Let u(k) = 2*k**3 - 7*k**2 - 6*k + 14. Let r be u(4). What are the prime factors of -12*r/60*2120/(-6)?
2, 53
Suppose -182*t + 181*t - 4*w = -20913, 4*w = -4*t + 83640. List the prime factors of t.
7, 29, 103
Let b be (-10)/(-6)*33/11. Suppose -9 - 6 = -b*y. Suppose y*j - 336 = -0*j. List the prime factors of j.
2, 7
List the prime factors of (-2)/(1 + 183/(-181))*31 + 2.
3, 1871
List the prime factors of ((38 - (2 + 7))*-1)/((-3)/594).
2, 3, 11, 29
Let t(c) = 2*c - 9. Let r be t(7). Suppose -4*d + 1700 = r*m, -d - 1700 = -5*m + 3*d. What are the prime factors of m?
2, 5, 17
Let k = 105 - 105. Suppose -20*u + 8660 = -k*u. What are the prime factors of u?
433
Suppose 24096 = 2*z - 207 + 749. What are the prime factors of z?
11777
Let t = -263 + 247. What are the prime factors of ((-4392)/t)/(8/16)?
3, 61
Let x be ((-2124)/(-6))/(1 - (-1 - -1)). Suppose 108 = 2*d - x. What are the prime factors of d?
3, 7, 11
Suppose 88*n = 85*n. Let r(v) = -51*v + 1642. What are the prime factors of r(n)?
2, 821
Let t be (-31)/((-2)/12*(-3)/(-4)). Suppose 5*x - t - 362 = 0. Suppose 0*k = -b - k + x, 0 = 3*b - 4*k - 345. List the prime factors of b.
7, 17
Suppose -5*m - z = 2, -3*m = -3*z + 2 - 8. Suppose 0 = -m*y - 13*y + 65. Suppose -5*d + 2*u + 1438 = 0, -5*d - 878 = -8*d + y*u. List the prime factors of d.
2, 11, 13
Let g = 157 + -148. List the prime factors of g + 4 + -8 + 110.
5, 23
Let n be (-342)/27*(-3)/2. Let p = 240 - n. List the prime factors of p.
13, 17
Suppose 837165 = 283*l - 662121 + 517559. What are the prime factors of l?
3469
Suppose 40*j - 19*j = 275898. List the prime factors of j.
2, 6569
Let d = -3454 + 7455. What are the prime factors of d?
4001
Let b(w) = 7*w**2 - 15*w + 21. Let s = -32 + 23. What are the prime factors of b(s)?
3, 241
Suppose 5*q = 5*z + 10, 5*q - 3*z = 7*q - 4. Let r be 5/q - (-18)/(-36). Suppose x + 2*x - r*k - 22 = 0, -4*x + 28 = -2*k. What are the prime factors of x?
2, 3
Let t(j) = j**3 + j**2 + j + 280. Let u be t(0). Let z be -163*(10 - (4 + 5)). Let s = z + u. What are the prime factors of s?
3, 13
What are the prime factors of -1*1/2 - (0 + 833595/(-42))?
89, 223
List the prime factors of (212 - (-20 - (-2 + -7)))/(1/87).
3, 29, 223
Suppose -5*j = -3*v + 2*v - 44, -v - 40 = -4*j. Let r(l) = -l**2 - 37*l - 48. What are the prime factors of r(v)?
2, 3, 11
Let i be 9*(-5)/(-15) + 2. Let d be 8/i*(-2940)/(-24). Suppose 7*t = 11*t - d. What are the prime factors of t?
7
Suppose 0 = -4*o + 3*k + 51, 2*o + 2*k = -3*o + 58. Suppose 1128 + 2724 = o*r. List the prime factors of r.
3, 107
Let a(l) = 1276*l + 125. List the prime factors of a(6).
31, 251
Suppose 0*h = -2*h + 6, a - 4*h = -246. Let l = a - -329. List the prime factors of l.
5, 19
Let w(q) = -q**3 + 5*q**2 - q + 7. Let k be w(5). Suppose -x + k*x - 301 = 5*o, 1360 = 5*x + 4*o. Suppose -11*c + x = -197. List the prime factors of c.
43
What are the prime factors of -1202*(-